rt 36253 (base 7) to base 11.
7073
110110001111011 (base 2) to base 8
66173
Convert -14152 (base 13) to base 7.
-214402
Convert -100001101100 (base 2) to base 3.
-2221212
Convert -401 (base 13) to base 2.
-1010100101
Convert 52808 (base 9) to base 6.
425355
Convert -b298 (base 13) to base 7.
-131544
2141 (base 6) to base 16
1ed
What is -5339 (base 11) in base 2?
-1101110010100
Convert 22210100 (base 3) to base 12.
3860
What is -28d (base 14) in base 7?
-1336
Convert 1319 (base 12) to base 6.
14033
Convert -18d (base 15) to base 14.
-1b8
What is 2955 (base 13) in base 4?
1131201
What is -1140 (base 15) in base 8?
-7114
What is 46 (base 13) in base 3?
2011
Convert -1002323 (base 5) to base 7.
-64353
-130413 (base 5) to base 4
-1033310
-12e (base 15) to base 11
-225
Convert -1122201 (base 4) to base 12.
-3429
What is -9886 (base 11) in base 10?
-13041
Convert 56a (base 11) to base 3.
221020
Convert -12166 (base 8) to base 3.
-21012000
-1397c (base 16) to base 15
-18ba2
What is 46180 (base 11) in base 10?
66759
111111100100001 (base 2) to base 6
410401
What is -323315 (base 6) in base 10?
-26687
Convert -1342 (base 7) to base 3.
-201021
54422 (base 6) to base 10
7502
Convert -74 (base 8) to base 5.
-220
What is 8759 (base 11) in base 14?
42d9
Convert 7a6 (base 12) to base 2.
10001101110
Convert 2cb (base 13) to base 5.
4010
What is -203064 (base 8) in base 15?
-14d4e
-6 (base 7) to base 3
-20
What is 8b (base 12) in base 15?
72
-32305 (base 6) to base 8
-10521
-3454 (base 7) to base 13
-763
What is -1 (base 16) in base 8?
-1
What is bddc (base 14) in base 12?
1707a
What is 10262 (base 8) in base 9?
5768
Convert -1000000101 (base 2) to base 5.
-4032
-1e4 (base 15) to base 6
-2011
What is -409 (base 10) in base 12?
-2a1
What is -224443 (base 6) in base 3?
-222022100
What is 545a (base 11) in base 10?
7204
-38e5 (base 15) to base 10
-12140
-12320 (base 6) to base 14
-960
What is 444 (base 5) in base 12?
a4
1e56 (base 16) to base 2
1111001010110
Convert 5224 (base 8) to base 4.
222110
-1061b (base 15) to base 3
-2122022222
What is -252 (base 7) in base 4?
-2013
What is 31625 (base 7) in base 6?
100215
Convert -1b80 (base 13) to base 8.
-10100
1011110000111011 (base 2) to base 7
260326
What is 359 (base 13) in base 15?
28b
What is 403 (base 14) in base 5?
11122
Convert 200202 (base 4) to base 14.
a8a
What is 7a7 (base 15) in base 16?
6c4
582 (base 13) to base 16
3b7
What is 105 (base 14) in base 3?
21110
3e72 (base 15) to base 10
13382
1000010111 (base 2) to base 9
654
Convert 10183 (base 11) to base 3.
202101010
What is 7649 (base 10) in base 6?
55225
11010001110010 (base 2) to base 12
792a
-1242041 (base 5) to base 11
-17576
What is -13401 (base 5) in base 3?
-1111210
146 (base 8) to base 5
402
Convert 300 (base 14) to base 3.
210210
What is -10200 (base 5) in base 15?
-300
Convert -7e17 (base 15) to base 4.
-12202231
What is -673a (base 11) in base 15?
-296b
-17684 (base 10) to base 3
-220020222
What is -bb (base 12) in base 10?
-143
-57025 (base 9) to base 10
-37931
What is -492 (base 10) in base 16?
-1ec
Convert 920 (base 10) to base 13.
55a
-32404 (base 7) to base 9
-12077
What is 16260 (base 10) in base 6?
203140
1543 (base 7) to base 2
1001101011
What is -4980 (base 10) in base 13?
-2361
11121 (base 3) to base 16
7c
-32541 (base 7) to base 9
-12170
7073 (base 8) to base 5
104033
What is c3 (base 16) in base 11?
168
-122110022 (base 3) to base 8
-30665
What is 8649 (base 11) in base 3?
120200020
Convert -41 (base 15) to base 8.
-75
-10212101110 (base 3) to base 2
-10010100101000010
Convert 11639 (base 10) to base 16.
2d77
Convert 6a67 (base 12) to base 5.
340022
What is -696 (base 11) in base 10?
-831
What is -234230 (base 7) in base 3?
-2011000222
Convert 11152 (base 6) to base 13.
947
-2613 (base 12) to base 3
-12221120
Convert 22611 (base 10) to base 3.
1011000110
What is -1432 (base 9) in base 13?
-653
What is -32303 (base 4) in base 9?
-1262
-272 (base 14) to base 8
-754
-171b (base 13) to base 8
-6514
-1233 (base 5) to base 3
-21011
11310 (base 6) to base 3
2020020
Convert -131240 (base 5) to base 2.
-1010001001011
-2444 (base 11) to base 8
-6172
100100010010 (base 2) to base 4
210102
21a (base 14) to base 15
1cb
What is 1022010 (base 3) in base 12?
670
What is -b81 (base 13) in base 2?
-11110101100
-2c8 (base 14) to base 9
-701
What is -f519 (base 16) in base 7?
-350634
Convert -11001100110111 (base 2) to base 5.
-404421
-172 (base 12) to base 9
-275
-471 (base 15) to base 12
-6ba
What is 433 (base 5) in base 9?
141
Convert 20043 (base 7) to base 8.
11341
101321 (base 4) to base 7
3224
What is 10131 (base 5) in base 12?
476
Convert -1753 (base 11) to base 2.
-100010111100
131114 (base 6) to base 3
121100201
Convert -17a (base 12) to base 2.
-11101110
What is -1121 (base 3) in base 5?
-133
What is 18ee (base 16) in base 14?
247c
529 (base 11) to base 13
39c
Convert 52cd (base 14) to base 11.
a814
-1aa60 (base 11) to base 3
-1111002111
What is 110111101010 (base 2) in base 11?
2749
Convert -58 (base 9) to base 14.
-3b
5251 (base 6) to base 15
53d
What is 14de (base 15) in base 4?
1012010
b7 (base 13) to base 12
106
-57 (base 10) to base 2
-111001
Convert 13011 (base 6) to base 7.
5455
What is 215 (base 15) in base 4?
13112
Convert -4c03 (base 15) to base 12.
-9463
What is -13b (base 15) in base 3?
-101102
-3340 (base 9) to base 14
-c82
What is -522 (base 9) in base 11?
-357
-10010110001 (base 2) to base 11
-9a2
What is 502b (base 12) in base 11?
6577
14423 (base 5) to base 8
2326
bcbc (base 13) to base 10
26350
What is 231153 (base 6) in base 5?
1112400
What is 2 (base 4) in base 7?
2
Convert 1384 (base 16) to base 4.
1032010
What is -64738 (base 9) in base 16?
-a784
-100001011011 (base 2) to base 3
-2221020
What is -715 (base 9) in base 3?
-210112
2478 (base 9) to base 15
838
Convert -3715 (base 12) to base 5.
-144314
132 (base 8) to base 9
110
Convert 35121 (base 6) to base 4.
1032121
Convert -f11a (base 16) to base 2.
-1111000100011010
What is -330323 (base 5) in base 11?
-8578
13104 (base 6) to base 2
11111000000
Convert 71773 (base 8) to base 2.
111001111111011
Convert -65 (base 15) to base 4.
-1133
Convert 2549 (base 10) to base 13.
1211
777 (base 8) to base 4
13333
What is -1044423 (base 5) in base 9?
-27630
Convert -2bb8 (base 13) to base 3.
-22210012
What is -25a (base 15) in base 2?
-1000010111
What is -3321 (base 4) in base 2?
-11111001
Convert -c4 (base 14) to base 7.
-334
-16aa3 (base 11) to base 9
-35761
What is 205045 (base 6) in base 7?
66401
Convert 331310 (base 5) to base 12.
6767
What is 36537 (base 9) in base 4?
11332300
Convert 2a3 (base 11) to base 7.
1015
Convert -11111111 (base 2) to base 9.
-313
What is -310 (base 11) in base 9?
-455
Convert 1648 (base 11) to base 10.
2109
-9a1b (base 14) to base 9
-40535
100 (base 7) to base 13
3a
What is 15455 (base 6) in base 9?
3448
26306 (base 11) to base 9
56558
-24242 (base 11) to base 7
-203506
2547 (base 10) to base 9
3440
What is 20576 (base 8) in base 2?
10000101111110
Convert -16520 (base 7) to base 9.
-6422
What is -232022 (base 4) in base 14?
-1110
What is -316b (base 12) in base 2?
-1010100100011
What is -47 (base 10) in base 15?
-32
What is 13105 (base 8) in base 13?
2797
What is -6433 (base 8) in base 15?
-eda
-327 (base 10) to base 15
-16c
155 (base 6) to base 12
5b
Convert 104444 (base 5) to base 2.
111010100101
Convert 426561 (base 7) to base 11.
50975
What is -34353 (base 7) in base 15?
-28e0
Convert 47077 (base 9) to base 4.
13222321
-1102102122 (base 3) to base 7
-144452
What is -429 (base 14) in base 12?
-585
4172 (base 9) to base 12
1932
Convert -301310 (base 5) to base 13.
-448c
Convert 242144 (base 5) to base 9.
13364
What is -2a3c (base 16) in base 5?
-321222
What is -42e6 (base 16) in base 3?
-212111022
-1000000100 (base 2) to base 16
-204
-2302 (base 4) to base 16
-b2
What is -1a18 (base 12) in base 4?
-301310
-2222011 (base 4) to base 8
-25205
Convert 1571 (base 8) to base 16.
379
210221 (base 4) to base 3
10012212
50441 (base 9) to base 11
22a11
-1220434 (base 5) to base 11
-16511
Convert -25b (base 15) to base 4.
-20120
What is 733 (base 10) in base 11?
607
-436 (base 11) to base 15
-24d
Convert -10023001 (base 4) to base 11.
-11926
What is 18a0